{"id":17,"date":"2015-12-03T17:03:31","date_gmt":"2015-12-03T16:03:31","guid":{"rendered":"http:\/\/www.interback.com\/?page_id=17"},"modified":"2025-02-06T18:56:55","modified_gmt":"2025-02-06T17:56:55","slug":"vorstellung","status":"publish","type":"page","link":"https:\/\/www.interback.com\/index.php\/vorstellung\/","title":{"rendered":"Vorstellung"},"content":{"rendered":"<p>Die <strong>Interback Niederrhein Backbedarf GmbH<\/strong> &#8211; ein Unternehmen, dessen Wurzeln auf das Jahr 1820 zur\u00fcckgehen &#8211; begr\u00fcndet ihre Tradition in der Herkunft aus der Reusrather M\u00fchle Joh. Leyhausen mit Getreide- und Mehlhandel sowie einer B\u00e4ckerei. Heute sind wir als familiengef\u00fchrtes Unternehmen, anerkannter, marktorientierter Fachgro\u00dfh\u00e4ndler f\u00fcr B\u00e4ckereien, Konditoreien, Eiscaf\u00e9s und Gastronomiebetriebe.<\/p>\n<p>Als Familienunternehmen stehen wir f\u00fcr<\/p>\n<p>&#8211; ein <strong>bodenst\u00e4ndiges<\/strong> und <strong>kundenorientieres Auftreten<\/strong><\/p>\n<p>&#8211; hohe <strong>Flexibilit\u00e4t, l\u00f6sungsorientiertes Agieren und Zuverl\u00e4ssigkeit<\/strong>, um die Anforderungen unserer Kunden zu erf\u00fcllen<\/p>\n<p>&#8211; das <strong>Bestreben, uns st\u00e4ndig zu verbessern<\/strong>, Fehler zu erkennen und Ma\u00dfnahmen zu ergreifen, <strong>um unsere Kunden bestm\u00f6glich zu beliefern<\/strong><\/p>\n<p>&#8211; <strong>Hohe Qualit\u00e4tsstandards<\/strong> und <strong>Qualit\u00e4tsmanagement<br \/>\n<\/strong><\/p>\n<p>Daf\u00fcr sind wir f\u00fcr Sie mit unseren Mitarbeitern im Innen- und Au\u00dfendienst im Einsatz und beliefern mit <strong>Trocken-, Frische- und Tiefk\u00fchlsortimenten<\/strong> \u00fcber unseren <strong>eigenen Fuhrpark<\/strong> von 3,5 Tonnen bis 26t Tonnen.<\/p>\n<p><a href=\"https:\/\/www.interback.com\/wp-content\/uploads\/2020\/02\/Interback_Fahrzeuge.jpg\"><img loading=\"lazy\" decoding=\"async\" class=\"aligncenter  wp-image-1298\" src=\"https:\/\/www.interback.com\/wp-content\/uploads\/2020\/02\/Interback_Fahrzeuge-300x28.jpg\" alt=\"\" width=\"859\" height=\"80\" srcset=\"https:\/\/www.interback.com\/wp-content\/uploads\/2020\/02\/Interback_Fahrzeuge-300x28.jpg 300w, https:\/\/www.interback.com\/wp-content\/uploads\/2020\/02\/Interback_Fahrzeuge-768x72.jpg 768w, https:\/\/www.interback.com\/wp-content\/uploads\/2020\/02\/Interback_Fahrzeuge-1024x96.jpg 1024w, https:\/\/www.interback.com\/wp-content\/uploads\/2020\/02\/Interback_Fahrzeuge.jpg 1211w\" sizes=\"auto, (max-width: 859px) 100vw, 859px\" \/><\/a><\/p>\n","protected":false},"excerpt":{"rendered":"<p>Die Interback Niederrhein Backbedarf GmbH &#8211; ein Unternehmen, dessen Wurzeln auf das Jahr 1820 zur\u00fcckgehen &#8211; begr\u00fcndet ihre Tradition in der Herkunft aus der Reusrather M\u00fchle Joh. Leyhausen mit Getreide- und Mehlhandel sowie einer B\u00e4ckerei. Heute sind wir als familiengef\u00fchrtes Unternehmen, anerkannter, marktorientierter Fachgro\u00dfh\u00e4ndler f\u00fcr B\u00e4ckereien, Konditoreien, Eiscaf\u00e9s und Gastronomiebetriebe. Als Familienunternehmen stehen wir f\u00fcr<\/p>\n","protected":false},"author":1,"featured_media":0,"parent":0,"menu_order":0,"comment_status":"closed","ping_status":"closed","template":"fullwidth.php","meta":{"footnotes":""},"class_list":["post-17","page","type-page","status-publish","hentry"],"_links":{"self":[{"href":"https:\/\/www.interback.com\/index.php\/wp-json\/wp\/v2\/pages\/17","targetHints":{"allow":["GET"]}}],"collection":[{"href":"https:\/\/www.interback.com\/index.php\/wp-json\/wp\/v2\/pages"}],"about":[{"href":"https:\/\/www.interback.com\/index.php\/wp-json\/wp\/v2\/types\/page"}],"author":[{"embeddable":true,"href":"https:\/\/www.interback.com\/index.php\/wp-json\/wp\/v2\/users\/1"}],"replies":[{"embeddable":true,"href":"https:\/\/www.interback.com\/index.php\/wp-json\/wp\/v2\/comments?post=17"}],"version-history":[{"count":8,"href":"https:\/\/www.interback.com\/index.php\/wp-json\/wp\/v2\/pages\/17\/revisions"}],"predecessor-version":[{"id":1590,"href":"https:\/\/www.interback.com\/index.php\/wp-json\/wp\/v2\/pages\/17\/revisions\/1590"}],"wp:attachment":[{"href":"https:\/\/www.interback.com\/index.php\/wp-json\/wp\/v2\/media?parent=17"}],"curies":[{"name":"wp","href":"https:\/\/api.w.org\/{rel}","templated":true}]}}